{"id":52126,"date":"2024-12-26T10:53:21","date_gmt":"2024-12-26T10:53:21","guid":{"rendered":"https:\/\/new.h4you.site\/me\/?post_type=estate_property&#038;p=52126"},"modified":"2024-12-26T10:53:21","modified_gmt":"2024-12-26T10:53:21","slug":"two-three-bedroom-apartments-for-long-term-rent-in-the-lazi-neighborhood-budva","status":"publish","type":"estate_property","link":"https:\/\/new.h4you.site\/me\/estate_property\/two-three-bedroom-apartments-for-long-term-rent-in-the-lazi-neighborhood-budva\/","title":{"rendered":"Dva trosobna stana za dugoro\u010dni najam u naselju Lazi u Budvi"},"content":{"rendered":"<p>U naselju Lazi u Budvi izdaju se na  du\u017ei vremenski period dva trosobna stana identi\u010dnog rasporeda.<br \/>\nZauzimaju povr\u0161inu po 90m2 I nalaze se na 4 spratu stambene zgrade.<br \/>\nStruktura: dnevni boravak, trpezarija i kuhinja, tri spava\u0107e sobe i velika terasa sa koje se pru\u017ea otvoren pogled na more. Oba stana su namje\u0161tena.<br \/>\nU sklopu zgrade postoji mogu\u0107nost rentiranja gara\u017enog mjesta.<br \/>\n<\/p>","protected":false},"excerpt":{"rendered":"<p>U naselju Lazi u Budvi izdaju se na du\u017ei vremenski period dva trosobna stana identi\u010dnog rasporeda. Zauzimaju povr\u0161inu po 90m2 I nalaze se na 4 spratu stambene zgrade. Struktura: dnevni boravak, trpezarija i kuhinja, tri spava\u0107e sobe i velika terasa sa koje se pru\u017ea otvoren pogled na more. Oba stana su namje\u0161tena. U sklopu zgrade postoji mogu\u0107nost rentiranja gara\u017enog mjesta.<\/p>\n","protected":false},"featured_media":52103,"comment_status":"closed","ping_status":"closed","template":"","property_category":[13],"property_action_category":[248],"property_city":[124],"property_area":[196],"property_county_state":[158],"property_features":[130,14,19,166,180,179,182,181,77,118],"property_status":[66],"class_list":["post-52126","estate_property","type-estate_property","status-publish","has-post-thumbnail","hentry","property_category-apartments","property_action_category-long-term","property_city-budva","property_area-lazi","property_county_state-budva-municipality","property_features-air-conditioning","property_features-attic","property_features-balcony","property_features-non-smoking-apartment","property_features-outdoor-furniture","property_features-separate-entrance","property_features-city-view","property_features-mountain-view","property_features-sea-view","property_features-washer","property_status-new-offer"],"_links":{"self":[{"href":"https:\/\/new.h4you.site\/me\/wp-json\/wp\/v2\/estate_property\/52126","targetHints":{"allow":["GET"]}}],"collection":[{"href":"https:\/\/new.h4you.site\/me\/wp-json\/wp\/v2\/estate_property"}],"about":[{"href":"https:\/\/new.h4you.site\/me\/wp-json\/wp\/v2\/types\/estate_property"}],"replies":[{"embeddable":true,"href":"https:\/\/new.h4you.site\/me\/wp-json\/wp\/v2\/comments?post=52126"}],"wp:featuredmedia":[{"embeddable":true,"href":"https:\/\/new.h4you.site\/me\/wp-json\/wp\/v2\/media\/52103"}],"wp:attachment":[{"href":"https:\/\/new.h4you.site\/me\/wp-json\/wp\/v2\/media?parent=52126"}],"wp:term":[{"taxonomy":"property_category","embeddable":true,"href":"https:\/\/new.h4you.site\/me\/wp-json\/wp\/v2\/property_category?post=52126"},{"taxonomy":"property_action_category","embeddable":true,"href":"https:\/\/new.h4you.site\/me\/wp-json\/wp\/v2\/property_action_category?post=52126"},{"taxonomy":"property_city","embeddable":true,"href":"https:\/\/new.h4you.site\/me\/wp-json\/wp\/v2\/property_city?post=52126"},{"taxonomy":"property_area","embeddable":true,"href":"https:\/\/new.h4you.site\/me\/wp-json\/wp\/v2\/property_area?post=52126"},{"taxonomy":"property_county_state","embeddable":true,"href":"https:\/\/new.h4you.site\/me\/wp-json\/wp\/v2\/property_county_state?post=52126"},{"taxonomy":"property_features","embeddable":true,"href":"https:\/\/new.h4you.site\/me\/wp-json\/wp\/v2\/property_features?post=52126"},{"taxonomy":"property_status","embeddable":true,"href":"https:\/\/new.h4you.site\/me\/wp-json\/wp\/v2\/property_status?post=52126"}],"curies":[{"name":"wp","href":"https:\/\/api.w.org\/{rel}","templated":true}]}}

Dva trosobna stana za dugoročni najam u naselju Lazi u Budvi

<p>U naselju Lazi u Budvi izdaju se na  duži vremenski period dva trosobna stana identičnog rasporeda.<br />
Zauzimaju površinu po 90m2 I nalaze se na 4 spratu stambene zgrade.<br />
Struktura: dnevni boravak, trpezarija i kuhinja, tri spavaće sobe i velika terasa sa koje se pruža otvoren pogled na more. Oba stana su namještena.<br />
U sklopu zgrade postoji mogućnost rentiranja garažnog mjesta.<br />
</p>

<p>U naselju Lazi u Budvi izdaju se na duži vremenski period dva trosobna stana identičnog rasporeda. Zauzimaju površinu po 90m2 I nalaze se na 4 spratu stambene zgrade. Struktura: dnevni boravak, trpezarija i kuhinja, tri spavaće sobe i velika terasa sa koje se pruža otvoren pogled na more. Oba stana su namještena. U sklopu zgrade postoji mogućnost rentiranja garažnog mjesta.</p>
